{"id":756,"date":"2020-01-10T21:47:01","date_gmt":"2020-01-10T21:47:01","guid":{"rendered":"http:\/\/paniker.ergatesweb4.ovh\/fr\/politica-de-calidad-y-medio-ambiente\/"},"modified":"2025-01-15T11:27:02","modified_gmt":"2025-01-15T11:27:02","slug":"politica-de-calidad-y-medio-ambiente","status":"publish","type":"page","link":"https:\/\/www.paniker.com\/fr\/politica-de-calidad-y-medio-ambiente\/","title":{"rendered":"Pol\u00edtica de calidad y medio ambiente"},"content":{"rendered":"\n<style type=\"text\/css\" data-created_by=\"avia_inline_auto\" id=\"style-css-av-113ir-8f0dea3b9ec771dc90301decf1b98e39\">\n.flex_column.av-113ir-8f0dea3b9ec771dc90301decf1b98e39{\nborder-radius:0px 0px 0px 0px;\npadding:0px 0px 0px 0px;\n}\n<\/style>\n<div  class='flex_column av-113ir-8f0dea3b9ec771dc90301decf1b98e39 av_one_full  avia-builder-el-0  avia-builder-el-no-sibling  box-gray first flex_column_div av-zero-column-padding  '     ><p>\n<style type=\"text\/css\" data-created_by=\"avia_inline_auto\" id=\"style-css-av-k58pgi0h-1b996ee9aaea63061305a99298dc9f31\">\n#top .av-special-heading.av-k58pgi0h-1b996ee9aaea63061305a99298dc9f31{\npadding-bottom:10px;\n}\nbody .av-special-heading.av-k58pgi0h-1b996ee9aaea63061305a99298dc9f31 .av-special-heading-tag .heading-char{\nfont-size:25px;\n}\n.av-special-heading.av-k58pgi0h-1b996ee9aaea63061305a99298dc9f31 .av-subheading{\nfont-size:15px;\n}\n<\/style>\n<div  class='av-special-heading av-k58pgi0h-1b996ee9aaea63061305a99298dc9f31 av-special-heading-h1 blockquote modern-quote  avia-builder-el-1  el_before_av_textblock  avia-builder-el-first '><h1 class='av-special-heading-tag '  itemprop=\"headline\"  >Pol\u00edtica de Calidad, Medio Ambiente, Seguridad y Salud<\/h1><div class=\"special-heading-border\"><div class=\"special-heading-inner-border\"><\/div><\/div><\/div><br \/>\n<section  class='av_textblock_section av-jj8ft5xd-75ca8702ae4437e5e0f51dea101af0e7 '   itemscope=\"itemscope\" itemtype=\"https:\/\/schema.org\/CreativeWork\" ><div class='avia_textblock'  itemprop=\"text\" ><p>La Direcci\u00f3n de PANIKER, SLU desea alcanzar un puesto de liderazgo en el Sector de: DISE\u00d1O, FABRICACI\u00d3N Y VENTA DE COLAS Y ADHESIVOS.<\/p>\n<p>Asume el compromiso de cumplimiento de requisitos del cliente, legales y reglamentarios aplicables, as\u00ed como, otros requisitos que la organizaci\u00f3n suscriba, tanto de protecci\u00f3n del medio ambiente, de prevenci\u00f3n de los da\u00f1os y el deterioro de la salud, como durante el desarrollo de sus actividades.<\/p>\n<p>PANIKER entiende la gesti\u00f3n de la calidad, la gesti\u00f3n ambiental y su cumplimiento legal en todos los aspectos, la seguridad y salud en el trabajo, en las actividades que realiza como una responsabilidad dentro de la Gesti\u00f3n Global de la empresa, reduciendo los riesgos que afectan a la empresa y las partes interesadas.<\/p>\n<p>PANIKER, SLU establece los siguientes compromisos:<\/p>\n<p>1-Determinar y proporcionar los recursos necesarios para implantar y mantener el Sistema de Gesti\u00f3n de Calidad, Medio Ambiente, Seguridad y Salud en el trabajo, Utilizar de forma racional los Recursos y que estos sean eficaces.<\/p>\n<p>2-Ofrecer servicios y productos de calidad que cumplan con los requisitos del cliente, legales y reglamentarios aplicables, y con otros requisitos que la organizaci\u00f3n suscriba (relacionados con el medio ambiente, con los peligros para la seguridad y salud, fomentado la eficiencia energ\u00e9tica, normativas espec\u00edficas de la construcci\u00f3n y criterios Innovadores) y que satisfagan las expectativas de nuestros clientes. \u2713 Cumplir con los requisitos establecidos en la Norma: UNE-EN-ISO 9001:2015.<\/p>\n<p>CREAR TODO TIPO DE COLAS Y ADHESIVOS QUE CUMPLAN CON LOS REQUISITOS DE NUESTROS CLIENTES, INNOVANDO DICHOS PRODUCTOS PARA MEJORAR EN COSTES, APLICACI\u00d3N DE LOS MISMOS Y SU GESTI\u00d3N MEDIO AMBIENTAL.<\/p>\n<p>3-Nuestro Sistema de Gesti\u00f3n, debe ir encaminado a satisfacer las necesidades y expectativas de los Clientes, pero teniendo en cuenta la prevenci\u00f3n y reducci\u00f3n de los Impactos Ambientales y Laborales.<\/p>\n<p>4-Establecer anualmente Objetivos e indicadores para cada una de las actividades, procesos y subprocesos, que sean medibles y coherentes con la pol\u00edtica de calidad, medio ambiente, seguridad y salud en el trabajo y que dicha pol\u00edtica sirva de marco de referencia para la planificaci\u00f3n de los diferentes objetivos y metas del sistema integrado.<\/p>\n<p>5-Esta gesti\u00f3n debe orientarse hacia la gesti\u00f3n de los riesgos con la reducci\u00f3n, eliminaci\u00f3n y prevenci\u00f3n de deficiencias en la calidad, y lo que es m\u00e1s importante, un compromiso con la mejora continua del sistema satisfaciendo los requisitos del cliente, legales y reglamentarios aplicables con la mayor eficacia.<\/p>\n<p>6-Se registran, eval\u00faan y controlan regularmente los efectos ambientales de nuestros procesos.<\/p>\n<p>7-Se identifican, eval\u00faan y controlan regularmente los riesgos que afectan a la seguridad y salud en el trabajo, con el fin de asegurar la mejora continua de le gesti\u00f3n de la SST y del desempe\u00f1o de la SST.<\/p>\n<p>8-Comunicar y hacer entender la pol\u00edtica de Calidad, Medio Ambiente, Seguridad y Salud a los trabajadores, a todo el personal de PANIKER, SLU, as\u00ed como, a todas aquellas partes interesadas externas que les pueda afectar (clientes, proveedores, subcontratistas, administraciones locales, regionales, nacional y europea, accionistas).<\/p>\n<p>9-Reducir la producci\u00f3n de residuos, emisiones, ruidos y perturbaciones innecesarias, as\u00ed como disponerlos o tratarlos conforme a las reglamentaciones en vigor.<\/p>\n<p>10-Reducir los da\u00f1os y el deterioro de la salud, realizando la evaluaci\u00f3n de riesgos laborales y el plan de prevenci\u00f3n actualizado, para as\u00ed minimizar todo tipo de riesgos, documentando los accidentes e incidencias del sistema de SST.<\/p>\n<p>11-Promover la sensibilizaci\u00f3n de todas las partes interesadas, tanto internas como externas. La presente pol\u00edtica se documenta, implementa y mantiene a trav\u00e9s del manual de calidad, medio ambiente y seguridad y salud y se revisa peri\u00f3dicamente dentro del seno del Comit\u00e9 de Gesti\u00f3n de PANIKER, SLU.<\/p>\n<\/div><\/section><\/p><\/div>\n","protected":false},"excerpt":{"rendered":"","protected":false},"author":3,"featured_media":0,"parent":0,"menu_order":0,"comment_status":"closed","ping_status":"closed","template":"","meta":{"footnotes":""},"class_list":["post-756","page","type-page","status-publish","hentry"],"yoast_head":"<!-- This site is optimized with the Yoast SEO plugin v27.5 - https:\/\/yoast.com\/product\/yoast-seo-wordpress\/ -->\n<title>Pol\u00edtica de calidad y medio ambiente - Paniker<\/title>\n<meta name=\"robots\" content=\"index, follow, max-snippet:-1, max-image-preview:large, max-video-preview:-1\" \/>\n<link rel=\"canonical\" href=\"https:\/\/www.paniker.com\/fr\/politica-de-calidad-y-medio-ambiente\/\" \/>\n<meta property=\"og:locale\" content=\"fr_FR\" \/>\n<meta property=\"og:type\" content=\"article\" \/>\n<meta property=\"og:title\" content=\"Pol\u00edtica de calidad y medio ambiente - Paniker\" \/>\n<meta property=\"og:url\" content=\"https:\/\/www.paniker.com\/fr\/politica-de-calidad-y-medio-ambiente\/\" \/>\n<meta property=\"og:site_name\" content=\"Paniker\" \/>\n<meta property=\"article:modified_time\" content=\"2025-01-15T11:27:02+00:00\" \/>\n<meta name=\"twitter:card\" content=\"summary_large_image\" \/>\n<meta name=\"twitter:label1\" content=\"Dur\u00e9e de lecture estim\u00e9e\" \/>\n\t<meta name=\"twitter:data1\" content=\"4 minutes\" \/>\n<script type=\"application\/ld+json\" class=\"yoast-schema-graph\">{\"@context\":\"https:\\\/\\\/schema.org\",\"@graph\":[{\"@type\":\"WebPage\",\"@id\":\"https:\\\/\\\/www.paniker.com\\\/fr\\\/politica-de-calidad-y-medio-ambiente\\\/\",\"url\":\"https:\\\/\\\/www.paniker.com\\\/fr\\\/politica-de-calidad-y-medio-ambiente\\\/\",\"name\":\"Pol\u00edtica de calidad y medio ambiente - Paniker\",\"isPartOf\":{\"@id\":\"https:\\\/\\\/www.paniker.com\\\/#website\"},\"datePublished\":\"2020-01-10T21:47:01+00:00\",\"dateModified\":\"2025-01-15T11:27:02+00:00\",\"breadcrumb\":{\"@id\":\"https:\\\/\\\/www.paniker.com\\\/fr\\\/politica-de-calidad-y-medio-ambiente\\\/#breadcrumb\"},\"inLanguage\":\"fr-FR\",\"potentialAction\":[{\"@type\":\"ReadAction\",\"target\":[\"https:\\\/\\\/www.paniker.com\\\/fr\\\/politica-de-calidad-y-medio-ambiente\\\/\"]}]},{\"@type\":\"BreadcrumbList\",\"@id\":\"https:\\\/\\\/www.paniker.com\\\/fr\\\/politica-de-calidad-y-medio-ambiente\\\/#breadcrumb\",\"itemListElement\":[{\"@type\":\"ListItem\",\"position\":1,\"name\":\"Inici\",\"item\":\"https:\\\/\\\/www.paniker.com\\\/fr\\\/acceuil\\\/\"},{\"@type\":\"ListItem\",\"position\":2,\"name\":\"Pol\u00edtica de calidad y medio ambiente\"}]},{\"@type\":\"WebSite\",\"@id\":\"https:\\\/\\\/www.paniker.com\\\/#website\",\"url\":\"https:\\\/\\\/www.paniker.com\\\/\",\"name\":\"Paniker\",\"description\":\"L\u00edderes en adhesivos l\u00edquidos y s\u00f3lidos\",\"potentialAction\":[{\"@type\":\"SearchAction\",\"target\":{\"@type\":\"EntryPoint\",\"urlTemplate\":\"https:\\\/\\\/www.paniker.com\\\/?s={search_term_string}\"},\"query-input\":{\"@type\":\"PropertyValueSpecification\",\"valueRequired\":true,\"valueName\":\"search_term_string\"}}],\"inLanguage\":\"fr-FR\"}]}<\/script>\n<!-- \/ Yoast SEO plugin. -->","yoast_head_json":{"title":"Pol\u00edtica de calidad y medio ambiente - Paniker","robots":{"index":"index","follow":"follow","max-snippet":"max-snippet:-1","max-image-preview":"max-image-preview:large","max-video-preview":"max-video-preview:-1"},"canonical":"https:\/\/www.paniker.com\/fr\/politica-de-calidad-y-medio-ambiente\/","og_locale":"fr_FR","og_type":"article","og_title":"Pol\u00edtica de calidad y medio ambiente - Paniker","og_url":"https:\/\/www.paniker.com\/fr\/politica-de-calidad-y-medio-ambiente\/","og_site_name":"Paniker","article_modified_time":"2025-01-15T11:27:02+00:00","twitter_card":"summary_large_image","twitter_misc":{"Dur\u00e9e de lecture estim\u00e9e":"4 minutes"},"schema":{"@context":"https:\/\/schema.org","@graph":[{"@type":"WebPage","@id":"https:\/\/www.paniker.com\/fr\/politica-de-calidad-y-medio-ambiente\/","url":"https:\/\/www.paniker.com\/fr\/politica-de-calidad-y-medio-ambiente\/","name":"Pol\u00edtica de calidad y medio ambiente - Paniker","isPartOf":{"@id":"https:\/\/www.paniker.com\/#website"},"datePublished":"2020-01-10T21:47:01+00:00","dateModified":"2025-01-15T11:27:02+00:00","breadcrumb":{"@id":"https:\/\/www.paniker.com\/fr\/politica-de-calidad-y-medio-ambiente\/#breadcrumb"},"inLanguage":"fr-FR","potentialAction":[{"@type":"ReadAction","target":["https:\/\/www.paniker.com\/fr\/politica-de-calidad-y-medio-ambiente\/"]}]},{"@type":"BreadcrumbList","@id":"https:\/\/www.paniker.com\/fr\/politica-de-calidad-y-medio-ambiente\/#breadcrumb","itemListElement":[{"@type":"ListItem","position":1,"name":"Inici","item":"https:\/\/www.paniker.com\/fr\/acceuil\/"},{"@type":"ListItem","position":2,"name":"Pol\u00edtica de calidad y medio ambiente"}]},{"@type":"WebSite","@id":"https:\/\/www.paniker.com\/#website","url":"https:\/\/www.paniker.com\/","name":"Paniker","description":"L\u00edderes en adhesivos l\u00edquidos y s\u00f3lidos","potentialAction":[{"@type":"SearchAction","target":{"@type":"EntryPoint","urlTemplate":"https:\/\/www.paniker.com\/?s={search_term_string}"},"query-input":{"@type":"PropertyValueSpecification","valueRequired":true,"valueName":"search_term_string"}}],"inLanguage":"fr-FR"}]}},"_links":{"self":[{"href":"https:\/\/www.paniker.com\/fr\/wp-json\/wp\/v2\/pages\/756","targetHints":{"allow":["GET"]}}],"collection":[{"href":"https:\/\/www.paniker.com\/fr\/wp-json\/wp\/v2\/pages"}],"about":[{"href":"https:\/\/www.paniker.com\/fr\/wp-json\/wp\/v2\/types\/page"}],"author":[{"embeddable":true,"href":"https:\/\/www.paniker.com\/fr\/wp-json\/wp\/v2\/users\/3"}],"replies":[{"embeddable":true,"href":"https:\/\/www.paniker.com\/fr\/wp-json\/wp\/v2\/comments?post=756"}],"version-history":[{"count":2,"href":"https:\/\/www.paniker.com\/fr\/wp-json\/wp\/v2\/pages\/756\/revisions"}],"predecessor-version":[{"id":3975,"href":"https:\/\/www.paniker.com\/fr\/wp-json\/wp\/v2\/pages\/756\/revisions\/3975"}],"wp:attachment":[{"href":"https:\/\/www.paniker.com\/fr\/wp-json\/wp\/v2\/media?parent=756"}],"curies":[{"name":"wp","href":"https:\/\/api.w.org\/{rel}","templated":true}]}}

Política de calidad y medio ambiente

<style type="text/css" data-created_by="avia_inline_auto" id="style-css-av-113ir-8f0dea3b9ec771dc90301decf1b98e39">
.flex_column.av-113ir-8f0dea3b9ec771dc90301decf1b98e39{
border-radius:0px 0px 0px 0px;
padding:0px 0px 0px 0px;
}
</style>
<div  class='flex_column av-113ir-8f0dea3b9ec771dc90301decf1b98e39 av_one_full  avia-builder-el-0  avia-builder-el-no-sibling  box-gray first flex_column_div av-zero-column-padding  '     ><p>
<style type="text/css" data-created_by="avia_inline_auto" id="style-css-av-k58pgi0h-1b996ee9aaea63061305a99298dc9f31">
#top .av-special-heading.av-k58pgi0h-1b996ee9aaea63061305a99298dc9f31{
padding-bottom:10px;
}
body .av-special-heading.av-k58pgi0h-1b996ee9aaea63061305a99298dc9f31 .av-special-heading-tag .heading-char{
font-size:25px;
}
.av-special-heading.av-k58pgi0h-1b996ee9aaea63061305a99298dc9f31 .av-subheading{
font-size:15px;
}
</style>
<div  class='av-special-heading av-k58pgi0h-1b996ee9aaea63061305a99298dc9f31 av-special-heading-h1 blockquote modern-quote  avia-builder-el-1  el_before_av_textblock  avia-builder-el-first '><h1 class='av-special-heading-tag '  itemprop="headline"  >Política de Calidad, Medio Ambiente, Seguridad y Salud</h1><div class="special-heading-border"><div class="special-heading-inner-border"></div></div></div><br />
<section  class='av_textblock_section av-jj8ft5xd-75ca8702ae4437e5e0f51dea101af0e7 '   itemscope="itemscope" itemtype="https://schema.org/CreativeWork" ><div class='avia_textblock'  itemprop="text" ><p>La Dirección de PANIKER, SLU desea alcanzar un puesto de liderazgo en el Sector de: DISEÑO, FABRICACIÓN Y VENTA DE COLAS Y ADHESIVOS.</p>
<p>Asume el compromiso de cumplimiento de requisitos del cliente, legales y reglamentarios aplicables, así como, otros requisitos que la organización suscriba, tanto de protección del medio ambiente, de prevención de los daños y el deterioro de la salud, como durante el desarrollo de sus actividades.</p>
<p>PANIKER entiende la gestión de la calidad, la gestión ambiental y su cumplimiento legal en todos los aspectos, la seguridad y salud en el trabajo, en las actividades que realiza como una responsabilidad dentro de la Gestión Global de la empresa, reduciendo los riesgos que afectan a la empresa y las partes interesadas.</p>
<p>PANIKER, SLU establece los siguientes compromisos:</p>
<p>1-Determinar y proporcionar los recursos necesarios para implantar y mantener el Sistema de Gestión de Calidad, Medio Ambiente, Seguridad y Salud en el trabajo, Utilizar de forma racional los Recursos y que estos sean eficaces.</p>
<p>2-Ofrecer servicios y productos de calidad que cumplan con los requisitos del cliente, legales y reglamentarios aplicables, y con otros requisitos que la organización suscriba (relacionados con el medio ambiente, con los peligros para la seguridad y salud, fomentado la eficiencia energética, normativas específicas de la construcción y criterios Innovadores) y que satisfagan las expectativas de nuestros clientes. ✓ Cumplir con los requisitos establecidos en la Norma: UNE-EN-ISO 9001:2015.</p>
<p>CREAR TODO TIPO DE COLAS Y ADHESIVOS QUE CUMPLAN CON LOS REQUISITOS DE NUESTROS CLIENTES, INNOVANDO DICHOS PRODUCTOS PARA MEJORAR EN COSTES, APLICACIÓN DE LOS MISMOS Y SU GESTIÓN MEDIO AMBIENTAL.</p>
<p>3-Nuestro Sistema de Gestión, debe ir encaminado a satisfacer las necesidades y expectativas de los Clientes, pero teniendo en cuenta la prevención y reducción de los Impactos Ambientales y Laborales.</p>
<p>4-Establecer anualmente Objetivos e indicadores para cada una de las actividades, procesos y subprocesos, que sean medibles y coherentes con la política de calidad, medio ambiente, seguridad y salud en el trabajo y que dicha política sirva de marco de referencia para la planificación de los diferentes objetivos y metas del sistema integrado.</p>
<p>5-Esta gestión debe orientarse hacia la gestión de los riesgos con la reducción, eliminación y prevención de deficiencias en la calidad, y lo que es más importante, un compromiso con la mejora continua del sistema satisfaciendo los requisitos del cliente, legales y reglamentarios aplicables con la mayor eficacia.</p>
<p>6-Se registran, evalúan y controlan regularmente los efectos ambientales de nuestros procesos.</p>
<p>7-Se identifican, evalúan y controlan regularmente los riesgos que afectan a la seguridad y salud en el trabajo, con el fin de asegurar la mejora continua de le gestión de la SST y del desempeño de la SST.</p>
<p>8-Comunicar y hacer entender la política de Calidad, Medio Ambiente, Seguridad y Salud a los trabajadores, a todo el personal de PANIKER, SLU, así como, a todas aquellas partes interesadas externas que les pueda afectar (clientes, proveedores, subcontratistas, administraciones locales, regionales, nacional y europea, accionistas).</p>
<p>9-Reducir la producción de residuos, emisiones, ruidos y perturbaciones innecesarias, así como disponerlos o tratarlos conforme a las reglamentaciones en vigor.</p>
<p>10-Reducir los daños y el deterioro de la salud, realizando la evaluación de riesgos laborales y el plan de prevención actualizado, para así minimizar todo tipo de riesgos, documentando los accidentes e incidencias del sistema de SST.</p>
<p>11-Promover la sensibilización de todas las partes interesadas, tanto internas como externas. La presente política se documenta, implementa y mantiene a través del manual de calidad, medio ambiente y seguridad y salud y se revisa periódicamente dentro del seno del Comité de Gestión de PANIKER, SLU.</p>
</div></section></p></div>

<!-- This site is optimized with the Yoast SEO plugin v27.5 - https://yoast.com/product/yoast-seo-wordpress/ -->
<title>Política de calidad y medio ambiente - Paniker</title>
<meta name="robots" content="index, follow, max-snippet:-1, max-image-preview:large, max-video-preview:-1" />
<link rel="canonical" href="https://www.paniker.com/fr/politica-de-calidad-y-medio-ambiente/" />
<meta property="og:locale" content="fr_FR" />
<meta property="og:type" content="article" />
<meta property="og:title" content="Política de calidad y medio ambiente - Paniker" />
<meta property="og:url" content="https://www.paniker.com/fr/politica-de-calidad-y-medio-ambiente/" />
<meta property="og:site_name" content="Paniker" />
<meta property="article:modified_time" content="2025-01-15T11:27:02+00:00" />
<meta name="twitter:card" content="summary_large_image" />
<meta name="twitter:label1" content="Durée de lecture estimée" />
	<meta name="twitter:data1" content="4 minutes" />
<script type="application/ld+json" class="yoast-schema-graph">{"@context":"https:\/\/schema.org","@graph":[{"@type":"WebPage","@id":"https:\/\/www.paniker.com\/fr\/politica-de-calidad-y-medio-ambiente\/","url":"https:\/\/www.paniker.com\/fr\/politica-de-calidad-y-medio-ambiente\/","name":"Política de calidad y medio ambiente - Paniker","isPartOf":{"@id":"https:\/\/www.paniker.com\/#website"},"datePublished":"2020-01-10T21:47:01+00:00","dateModified":"2025-01-15T11:27:02+00:00","breadcrumb":{"@id":"https:\/\/www.paniker.com\/fr\/politica-de-calidad-y-medio-ambiente\/#breadcrumb"},"inLanguage":"fr-FR","potentialAction":[{"@type":"ReadAction","target":["https:\/\/www.paniker.com\/fr\/politica-de-calidad-y-medio-ambiente\/"]}]},{"@type":"BreadcrumbList","@id":"https:\/\/www.paniker.com\/fr\/politica-de-calidad-y-medio-ambiente\/#breadcrumb","itemListElement":[{"@type":"ListItem","position":1,"name":"Inici","item":"https:\/\/www.paniker.com\/fr\/acceuil\/"},{"@type":"ListItem","position":2,"name":"Política de calidad y medio ambiente"}]},{"@type":"WebSite","@id":"https:\/\/www.paniker.com\/#website","url":"https:\/\/www.paniker.com\/","name":"Paniker","description":"Líderes en adhesivos líquidos y sólidos","potentialAction":[{"@type":"SearchAction","target":{"@type":"EntryPoint","urlTemplate":"https:\/\/www.paniker.com\/?s={search_term_string}"},"query-input":{"@type":"PropertyValueSpecification","valueRequired":true,"valueName":"search_term_string"}}],"inLanguage":"fr-FR"}]}</script>
<!-- / Yoast SEO plugin. -->

Política de calidad y medio ambiente - Paniker

Líderes en adhesivos líquidos y sólidos
